{"id":10403,"date":"2022-12-05T12:53:40","date_gmt":"2022-12-05T15:53:40","guid":{"rendered":"https:\/\/aacrimesc.org.br\/?post_type=contato&#038;p=10403"},"modified":"2022-12-05T12:57:40","modified_gmt":"2022-12-05T15:57:40","slug":"1arpm-22obpm-22o-batalhao-de-policia-militar-regiao-continental-de-florianopolis","status":"publish","type":"contato","link":"https:\/\/aacrimesc.org.br\/contato\/1arpm-22obpm-22o-batalhao-de-policia-militar-regiao-continental-de-florianopolis\/","title":{"rendered":"1\u00aaRPM\/22\u00baBPM &#8211; 22\u00ba Batalh\u00e3o de POL\u00cdCIA MILITAR (Regi\u00e3o continental de Florian\u00f3polis)"},"parent":0,"template":"","meta":{"_acf_changed":false},"tags":[],"class_list":["post-10403","contato","type-contato","status-publish","hentry"],"acf":[],"_links":{"self":[{"href":"https:\/\/aacrimesc.org.br\/json\/wp\/v2\/contato\/10403","targetHints":{"allow":["GET"]}}],"collection":[{"href":"https:\/\/aacrimesc.org.br\/json\/wp\/v2\/contato"}],"about":[{"href":"https:\/\/aacrimesc.org.br\/json\/wp\/v2\/types\/contato"}],"wp:attachment":[{"href":"https:\/\/aacrimesc.org.br\/json\/wp\/v2\/media?parent=10403"}],"wp:term":[{"taxonomy":"post_tag","embeddable":true,"href":"https:\/\/aacrimesc.org.br\/json\/wp\/v2\/tags?post=10403"}],"curies":[{"name":"wp","href":"https:\/\/api.w.org\/{rel}","templated":true}]}}

1ªRPM/22ºBPM &#8211; 22º Batalhão de POLÍCIA MILITAR (Região continental de Florianópolis)
